e
Is 113 a factor of 9207?
False
Is 2 a factor of 752?
True
Is 36 a factor of 3384?
True
Is 918 a multiple of 9?
True
Does 32 divide 4480?
True
Does 28 divide 77?
False
Is 2176 a multiple of 34?
True
Is 32656 a multiple of 26?
True
Does 13 divide 26271?
False
Is 9 a factor of 105?
False
Is 500 a multiple of 20?
True
Does 8 divide 52?
False
Is 421 a multiple of 51?
False
Is 33 a factor of 14883?
True
Is 22973 a multiple of 28?
False
Is 4000 a multiple of 100?
True
Is 1234 a multiple of 21?
False
Is 9 a factor of 10142?
False
Is 185 a multiple of 21?
False
Is 15 a factor of 10245?
True
Is 9786 a multiple of 96?
False
Is 42 a factor of 336?
True
Is 76 a factor of 988?
True
Is 4186 a multiple of 14?
True
Is 3 a factor of 1197?
True
Does 12 divide 11317?
False
Is 14 a factor of 308?
True
Is 4 a factor of 127?
False
Is 2171 a multiple of 14?
False
Is 16464 a multiple of 48?
True
Is 16 a factor of 476?
False
Is 46 a factor of 811?
False
Does 32 divide 1920?
True
Does 5 divide 720?
True
Is 3128 a multiple of 68?
True
Does 5 divide 635?
True
Is 17 a factor of 13141?
True
Does 78 divide 15904?
False
Is 12199 a multiple of 157?
False
Is 7 a factor of 721?
True
Is 21223 a multiple of 8?
False
Does 14 divide 616?
True
Is 19034 a multiple of 3?
False
Is 63 a factor of 34020?
True
Does 26 divide 18356?
True
Is 386 a multiple of 6?
False
Is 105 a factor of 31078?
False
Does 37 divide 259?
True
Is 21 a factor of 12789?
True
Is 19600 a multiple of 98?
True
Is 26 a factor of 12080?
False
Is 2222 a multiple of 53?
False
Does 199 divide 4616?
False
Does 22 divide 5889?
False
Is 8519 a multiple of 25?
False
Is 112 a factor of 3412?
False
Does 11 divide 389?
False
Is 999 a multiple of 5?
False
Is 98 a factor of 296?
False
Does 41 divide 738?
True
Is 6 a factor of 2004?
True
Is 70 a factor of 1120?
True
Does 3 divide 1203?
True
Does 61 divide 14030?
True
Is 266 a factor of 17476?
False
Does 31 divide 51601?
False
Does 30 divide 12390?
True
Is 12 a factor of 64728?
True
Is 1413 a multiple of 22?
False
Is 136 a factor of 5440?
True
Is 19 a factor of 698?
False
Is 83217 a multiple of 15?
False
Is 16 a factor of 3114?
False
Is 1244 a multiple of 57?
False
Is 5900 a multiple of 25?
True
Does 85 divide 36960?
False
Is 1728 a multiple of 18?
True
Does 14 divide 3780?
True
Does 10 divide 23661?
False
Is 3448 a multiple of 39?
False
Does 18 divide 2124?
True
Does 102 divide 12389?
False
Is 44681 a multiple of 12?
False
Is 11 a factor of 7997?
True
Is 48405 a multiple of 15?
True
Is 25720 a multiple of 10?
True
Does 60 divide 6628?
False
Is 469 a multiple of 5?
False
Does 34 divide 2020?
False
Is 47292 a multiple of 113?
False
Is 13 a factor of 117?
True
Is 2605 a multiple of 79?
False
Does 29 divide 7917?
True
Is 7 a factor of 3221?
False
Does 10 divide 1335?
False
Does 14 divide 11673?
False
Is 34 a factor of 12954?
True
Is 915 a multiple of 59?
False
Is 2137 a multiple of 14?
False
Is 1176 a multiple of 49?
True
Is 17 a factor of 2076?
False
Is 17 a factor of 5661?
True
Is 2 a factor of 482?
True
Is 161 a factor of 6440?
True
Does 11 divide 374?
True
Does 205 divide 68897?
False
Is 71 a factor of 112393?
True
Does 377 divide 23374?
True
Is 3888 a multiple of 81?
True
Does 71 divide 11724?
False
Does 137 divide 70555?
True
Is 7150 a multiple of 57?
False
Does 6 divide 492?
True
Is 7 a factor of 952?
True
Does 26 divide 29874?
True
Is 7936 a multiple of 24?
False
Is 33 a factor of 244?
False
Does 15 divide 160614?
False
Is 613 a multiple of 42?
False
Is 563 a multiple of 4?
False
Is 288 a factor of 52992?
True
Is 50608 a multiple of 93?
False
Is 51208 a multiple of 197?
False
Is 25 a factor of 50?
True
Does 2 divide 83?
False
Is 2907 a multiple of 21?
False
Is 13376 a multiple of 8?
True
Is 64 a factor of 67?
False
Is 5 a factor of 752?
False
Is 45 a factor of 5780?
False
Is 89 a factor of 6477?
False
Is 319 a factor of 25201?
True
Is 57 a multiple of 18?
False
Is 6888 a multiple of 8?
True
Is 30 a factor of 55530?
True
Does 12 divide 243?
False
Is 527 a multiple of 31?
True
Is 63 a factor of 882?
True
Does 14 divide 504?
True
Is 92 a multiple of 5?
False
Is 40 a multiple of 20?
True
Is 18075 a multiple of 5?
True
Is 34 a factor of 886?
False
Is 18 a factor of 1080?
True
Is 14932 a multiple of 2?
True
Is 4158 a multiple of 9?
True
Does 20 divide 1291?
False
Is 11546 a multiple of 7?
False
Does 6 divide 198?
True
Does 25 divide 12097?
False
Is 5808 a multiple of 33?
True
Is 8 a factor of 384?
True
Is 1715 a multiple of 8?
False
Is 8950 a multiple of 4?
False
Does 251 divide 82830?
True
Does 56 divide 118751?
False
Does 13 divide 192?
False
Does 10 divide 9580?
True
Is 20 a factor of 3212?
False
Is 3104 a multiple of 16?
True
Is 18 a factor of 2147?
False
Does 15 divide 2100?
True
Is 10 a factor of 13869?
False
Is 45396 a multiple of 52?
True
Is 40 a factor of 683?
False
Does 60 divide 6829?
False
Is 119 a factor of 2411?
False
Is 1933 a multiple of 18?
False
Is 3909 a multiple of 11?
False
Is 1545 a multiple of 16?
False
Does 42 divide 2939?
False
Is 1637 a multiple of 33?
False
Does 41 divide 80051?
False
Does 96 divide 11904?
True
Does 4 divide 716?
True
Is 107 a factor of 2140?
True
Does 23 divide 1272?
False
Does 16 divide 573?
False
Does 3 divide 954?
True
Does 6 divide 5496?
True
Is 43 a factor of 1428?
False
Is 50 a factor of 800?
True
Does 7 divide 210?
True
Does 18 divide 40697?
False
Does 4 divide 900?
True
Is 612 a multiple of 68?
True
Does 67 divide 3819?
True
Is 19257 a multiple of 21?
True
Does 3 divide 277?
False
Does 13 divide 5633?
False
Is 34848 a multiple of 16?
True
Does 41 divide 1599?
True
Is 20 a factor of 4260?
True
Is 4 a factor of 3204?
True
Is 615 a multiple of 43?
False
Is 1719 a multiple of 9?
True
Is 13 a factor of 1724?
False
Is 125 a factor of 5938?
False
Does 11 divide 550?
True
Is 3 a factor of 81?
True
Does 105 divide 2940?
True
Does 146 divide 1898?
True
Is 14 a factor of 18756?
False
Is 1090 a multiple of 13?
False
Does 9 divide 3474?
True
Is 23 a factor of 73148?
False
Is 45 a factor of 20430?
True
Is 235 a multiple of 16?
False
Is 363 a multiple of 6?
False
Is 48 a factor of 3832?
False
Does 67 divide 906?
False
Does 6 divide 967?
False
Is 8 a factor of 14520?
True
Is 44751 a multiple of 52?
False
Does 68 divide 18292?
True
Does 19 divide 26999?
True
Is 1543 a multiple of 39?
False
Is 43 a factor of 1681?
False
Is 1168 a multiple of 73?
True
Is 2688 a multiple of 96?
True
Is 24888 a multiple of 196?
False
Is 49 a factor of 3909?
False
Is 2198 a multiple of 31?
False
Is 52 a factor of 1374?
False
Is 2341 a multiple of 3?
False
Is 34 a factor of 1802?
True
Is 19 a factor of 3192?
True
Does 8 divide 6281?
False
Does 44 divide 1188?
True
Is 186276 a multiple of 12?
True
Is 75390 a multiple of 132?
False
Does 72 divide 2808?
True
Does 51 divide 4743?
True
Is 64070 a multiple of 149?
True
Is 31 a factor of 2511?
True
Does 17 divide 10064?
True
Does 184 divide 70472?
True
Is 11 a factor of 34770?
False
Does 24 divide 36289?
False
Is 11 a factor of 3893?
False
Is 644 a multiple of 73?
False
Is 5994 a multiple of 18?
True
Does 3 divide 156?
True
Does 21 divide 41617?
False
Does 5 divide 15555?
True
Is 86 a factor of 1720?
True
Is 1740 a multiple of 58?
True
Does 66 divide 24612?
False
Is 24 a factor of 456?
True
Is 16750 a multiple of 67?
True
Is 1773 a multiple of 79?
False
Is 22 a factor of 1299?
False
Is 22 a factor of 1914?
True
Does 22 divide 1039?
False
Does 13 divide 30310?
False
Is 70884 a multiple of 13?
False
Does 17 divide 78992?
False
Is 7 a factor of 3395?
True
Is 23 a factor of 301?
False
Is 577 a multiple of 10?
False
Is 694 a multiple of 15?
False
Is 19494 a multiple of 171?
True
Is 26 a factor of 23853?
False
Is 60 a factor of 2024?
False
Does 105 divide 29504?
False
Does 5 divide 673?
False
Is 68913 a multiple of 13?
True
Is 94 a factor of 54802?
True
Is 49 a factor of 39034?
False
Is 274 even?
True
Does 15 divide 2700?
True
Does 5 divide 1920?
True
Is 63 a multiple of 3?
True
Does 12 divide 7452?
True
Is 8 a factor of 1333?
False
Does 91 divide 37128?
True
Is 2085 a multiple of 93?
False
Is 71 a factor of 1136?
True
Is 602 a multiple of 4?
False
Is 29520 a multiple of 20?
True
Does 7 divide 1468?
False
Does 80 divide 8896?
